{"id":168,"date":"2021-06-19T11:46:28","date_gmt":"2021-06-19T09:46:28","guid":{"rendered":"https:\/\/hennalaheraa.fi\/?page_id=168"},"modified":"2021-06-19T11:46:29","modified_gmt":"2021-06-19T09:46:29","slug":"kauppa","status":"publish","type":"page","link":"https:\/\/hennalaheraa.fi\/?page_id=168","title":{"rendered":"Kauppa"},"content":{"rendered":"\n<p><strong><u>Hennala Her\u00e4\u00e4 ry:n kannatusmerkit<\/u><\/strong><\/p>\n\n\n\n<p>Voit tukea yhdistyksen toimintaa ostamalla brodeeratun merkin.<\/p>\n\n\n\n<p>1)&nbsp;&nbsp;&nbsp;&nbsp;&nbsp; Tarrakiinniteinen 4 cm&nbsp; hinta 10.00 \u20ac<\/p>\n\n\n\n<p>2)&nbsp;&nbsp;&nbsp;&nbsp;&nbsp; Ommeltava 8 cm hinta 10.00 \u20ac<\/p>\n\n\n\n<p>Tee tilaus s-postilla: <a href=\"mailto:puheenjohtaja@hennalaheraa.fi\" target=\"_blank\" rel=\"noreferrer noopener\">puheenjohtaja@hennalaheraa.fi<\/a><\/p>\n\n\n\n<p><strong>Ilmoita meille:<\/strong><\/p>\n\n\n\n<p>Nimi:<\/p>\n\n\n\n<p>Osoite:<\/p>\n\n\n\n<p>Postinumero:<\/p>\n\n\n\n<p>Puh.<\/p>\n\n\n\n<p>Laitamme sinulle maksutiedot s\u00e4hk\u00f6postilla ja kun suoritus n\u00e4kyy yhdistyksen tilill\u00e4 niin laitamme kirjeen postiin.<\/p>\n\n\n\n<p>Tilaukseen lis\u00e4t\u00e4\u00e4n postimaksu 2.00 \u20ac<\/p>\n\n\n\n<p>Hennala Her\u00e4\u00e4 ry<\/p>\n\n\n\n<figure class=\"wp-block-image size-large\"><a href=\"https:\/\/hennalaheraa.fi\/wp-content\/uploads\/2021\/06\/Joulu_0001.jpg\"><img loading=\"lazy\" decoding=\"async\" width=\"1024\" height=\"638\" src=\"https:\/\/hennalaheraa.fi\/wp-content\/uploads\/2021\/06\/Joulu_0001-1024x638.jpg\" alt=\"\" class=\"wp-image-169\" srcset=\"https:\/\/hennalaheraa.fi\/wp-content\/uploads\/2021\/06\/Joulu_0001-1024x638.jpg 1024w, https:\/\/hennalaheraa.fi\/wp-content\/uploads\/2021\/06\/Joulu_0001-300x187.jpg 300w, https:\/\/hennalaheraa.fi\/wp-content\/uploads\/2021\/06\/Joulu_0001-768x478.jpg 768w, https:\/\/hennalaheraa.fi\/wp-content\/uploads\/2021\/06\/Joulu_0001-750x467.jpg 750w, https:\/\/hennalaheraa.fi\/wp-content\/uploads\/2021\/06\/Joulu_0001.jpg 1421w\" sizes=\"auto, (max-width: 1024px) 100vw, 1024px\" \/><\/a><\/figure>\n","protected":false},"excerpt":{"rendered":"<p>Hennala Her\u00e4\u00e4 ry:n kannatusmerkit Voit tukea yhdistyksen toimintaa ostamalla brodeeratun merkin. 1)&nbsp;&nbsp;&nbsp;&nbsp;&nbsp; Tarrakiinniteinen 4 cm&nbsp; hinta 10.00 \u20ac 2)&nbsp;&nbsp;&nbsp;&nbsp;&nbsp; Ommeltava 8 cm hinta 10.00 \u20ac Tee tilaus s-postilla: puheenjohtaja@hennalaheraa.fi Ilmoita meille: Nimi: Osoite: Postinumero: Puh. Laitamme sinulle maksutiedot s\u00e4hk\u00f6postilla ja kun suoritus n\u00e4kyy yhdistyksen tilill\u00e4 niin laitamme kirjeen postiin. Tilaukseen lis\u00e4t\u00e4\u00e4n postimaksu 2.00 \u20ac Hennala &hellip; <\/p>\n<p><a class=\"more-link btn\" href=\"https:\/\/hennalaheraa.fi\/?page_id=168\">Jatka lukemista<\/a><\/p>\n","protected":false},"author":8,"featured_media":169,"parent":0,"menu_order":0,"comment_status":"closed","ping_status":"closed","template":"","meta":{"footnotes":""},"class_list":["post-168","page","type-page","status-publish","has-post-thumbnail","hentry","nodate","item-wrap"],"_links":{"self":[{"href":"https:\/\/hennalaheraa.fi\/index.php?rest_route=\/wp\/v2\/pages\/168","targetHints":{"allow":["GET"]}}],"collection":[{"href":"https:\/\/hennalaheraa.fi\/index.php?rest_route=\/wp\/v2\/pages"}],"about":[{"href":"https:\/\/hennalaheraa.fi\/index.php?rest_route=\/wp\/v2\/types\/page"}],"author":[{"embeddable":true,"href":"https:\/\/hennalaheraa.fi\/index.php?rest_route=\/wp\/v2\/users\/8"}],"replies":[{"embeddable":true,"href":"https:\/\/hennalaheraa.fi\/index.php?rest_route=%2Fwp%2Fv2%2Fcomments&post=168"}],"version-history":[{"count":1,"href":"https:\/\/hennalaheraa.fi\/index.php?rest_route=\/wp\/v2\/pages\/168\/revisions"}],"predecessor-version":[{"id":170,"href":"https:\/\/hennalaheraa.fi\/index.php?rest_route=\/wp\/v2\/pages\/168\/revisions\/170"}],"wp:featuredmedia":[{"embeddable":true,"href":"https:\/\/hennalaheraa.fi\/index.php?rest_route=\/wp\/v2\/media\/169"}],"wp:attachment":[{"href":"https:\/\/hennalaheraa.fi\/index.php?rest_route=%2Fwp%2Fv2%2Fmedia&parent=168"}],"curies":[{"name":"wp","href":"https:\/\/api.w.org\/{rel}","templated":true}]}}