{"id":2,"date":"2020-05-13T13:30:59","date_gmt":"2020-05-13T13:30:59","guid":{"rendered":"http:\/\/mydomain.com\/?page_id=2"},"modified":"2020-05-18T08:33:03","modified_gmt":"2020-05-18T08:33:03","slug":"sample-page","status":"publish","type":"page","link":"https:\/\/hennalaheraa.fi\/?page_id=2","title":{"rendered":"Historia"},"content":{"rendered":"\n<p><strong>Ven\u00e4l\u00e4inen varuskunta<\/strong><\/p>\n\n\n\n<p><strong>Hennalan kasarmialue<\/strong> sijaitsee noin kaksi kilometri\u00e4 lahden keskustasta etel\u00e4\u00e4n. Se perustettiin Pietarin sotilaspiirin toimesta vuonna 1911 Jylisev\u00e4n Mets\u00e4-Hennalan tiluksille. Kasarmialueen rakennukset edustavat tyypillist\u00e4 ven\u00e4l\u00e4ist\u00e4 punatiilist\u00e4 sotilasarkkitehtuuria. Alkuper\u00e4iseen rakennussuunnitelmaan kuuluivat kolme kasarmirakennusta, kymmenen henkil\u00f6kunnan asuinrakennusta, esikunta- ja huoltorakennuksia, kirkko, kappeli ja hautausmaa.<\/p>\n\n\n\n<h2 class=\"wp-block-heading\">Varuskuntatoiminnan lakkaaminen Hennalassa<\/h2>\n\n\n\n<p>Hennalan satavuotinen historia sotilask\u00e4yt\u00f6ss\u00e4 p\u00e4\u00e4ttyi vuoden 2014, jolloin Hennalan varuskunta lakkautettiin. Kulttuurihistoriallisesti merkitt\u00e4v\u00e4 alue vapautui siviilik\u00e4ytt\u00f6\u00f6n. Kasarmialueen punatiiliset rakennukset s\u00e4ilytet\u00e4\u00e4n asuinrakennus-, harrastus- ja virkistysk\u00e4yt\u00f6ss\u00e4.<\/p>\n\n\n\n<h2 class=\"wp-block-heading\">Hennalan sotilaskoti<\/h2>\n\n\n\n<p>Tammikuun 27. p\u00e4iv\u00e4 1920 perustettiin Lahden sotilaskotiyhdistys. Aluksi yhdistys toimi keskikaupungilla, Aleksanterinkatu 14:ss\u00e4. Hennalan kasarmialueelle yhdistys siirtyi 1923. Yhdistyksen sijaintipaikaksi valikoitui lopulta ven\u00e4l\u00e4isilt\u00e4 keskener\u00e4iseksi j\u00e4\u00e4nyt kirkkorakennus.<\/p>\n\n\n\n<figure class=\"wp-block-image size-large\"><img loading=\"lazy\" decoding=\"async\" width=\"783\" height=\"465\" src=\"https:\/\/hennalaheraa.fi\/wp-content\/uploads\/2020\/05\/Koko-n\u00e4yt\u00f6n-kaappaus-20.7.2017-70440.bmp.jpg\" alt=\"\" class=\"wp-image-55\"\/><\/figure>\n\n\n\n<!--nextpage-->\n\n\n\n<p><strong>Menneit\u00e4 tapahtumia<\/strong>:<\/p>\n\n\n\n<p><strong>Hennala Her\u00e4\u00e4 \u2013tapahtuma elokuussa 2017<\/strong><\/p>\n\n\n\n<p>Vanhan sotilaskodin m\u00e4ki her\u00e4si eloon koko perheen tapahtumassa sunnuntaiksi 27.8.<\/p>\n\n\n\n<p>Nyky\u00e4\u00e4n Ravintola P\u00e4\u00e4majana tunnetulla alueella j\u00e4rjestettiin tuolloin suuri yleis\u00f6tapah\u00adtuma, jossa oli toi\u00admintaa monenlaista, mm. useita eri myyji\u00e4 ulkomaita my\u00f6ten ja Rompe\u00adtori, joten perinteiset militaria-ai\u00adheen yst\u00e4v\u00e4t l\u00f6ysiv\u00e4t varmasti paljon aihepiirins\u00e4 tavaraa paikan p\u00e4\u00e4lt\u00e4.<\/p>\n\n\n\n<p>Paikalla oli my\u00f6s paljon muutakin toimintaa, esim. suosittu Ekoase-ammuntapiste, vanhoja sotilasajoneu\u00advoja, perinneratsukot ja poniratsastusta, lis\u00e4ksi useat maanpuolustuskillat- ja toimijat esitteliv\u00e4t pihalla toimintaansa. Hennalan historia oli my\u00f6s vahvasti edustettuna, sek\u00e4 Suomen 100-vuotinen taival muuten\u00adkin, alueella j\u00e4rjestettiin kierroksia aiheella \u201dHen\u00adnala 1918\u201d ja sis\u00e4ll\u00e4 oli laaja-aiheinen Iitin asehistoriallisen yhdistyksen j\u00e4rjest\u00e4m\u00e4 n\u00e4yt\u00adtely, p\u00e4\u00e4painonaan vuodet 1939 \u2013 1944. Ravintola p\u00e4\u00e4majan, eli entisen sotkun tiloissa oli siis runsaasti n\u00e4ht\u00e4v\u00e4\u00e4 n\u00e4yttelyst\u00e4 tuotemyyntiin ja samalla sai nautittua maittavan ate\u00adriankin, tai kahvit p\u00e4iv\u00e4n lomassa. &nbsp;Piha-alueella taas oli tarjolla perinteist\u00e4 hernekeittoa soppatykist\u00e4.<\/p>\n\n\n\n<p>P\u00e4\u00e4organisaattori Timo Vennon ja Iitin asehistoriallisen yhdistyksen osalta suunnittelu al\u00adkoi jo alkukev\u00e4\u00e4st\u00e4 2017, sill\u00e4 tapahtumaan haluttiin Suomi 100v \u2013juhlateeman mukaises\u00adtikin panostaa kunnolla ja tehd\u00e4 ta\u00adpahtumasta ns. kaiken kansan pist\u00e4ytymistilaisuus, joka ei painottunut vain tietylle k\u00e4vij\u00e4kunnalle. V\u00e4ke\u00e4 k\u00e4vikin paikalla siin\u00e4 m\u00e4\u00e4rin, ett\u00e4 v\u00e4litt\u00f6\u00adm\u00e4sti tapahtuman j\u00e4lkeen todettiin olevan tilausta seuraavanakin vuonna ja alettiin suun\u00adnitella uutta. Kuluvana vuonna 2018 tuleekin j\u00e4lleen Hennalan her\u00e4ys uudelleen <strong><u>su 26.8<\/u><\/strong>. ja edellisvuoden k\u00e4vij\u00f6idenkin toiveita otettiin mahdollisuuksien mukaan huomioon, onhan esim. Suomen puolustusvoimienkin 100-vuotis juhlavuosi. Tapahtumalla on omat face\u00adbook-sivutkin (Hennala her\u00e4\u00e4), joille p\u00e4ivi\u00adtell\u00e4\u00e4n usein kaikkea aiheeseen liittyv\u00e4\u00e4 ja muutoinkin mielen\u00adkiintoista historiallista luettavaa ym.<\/p>\n\n\n\n<p>Tapah\u00adtuman vahvat yhteisty\u00f6kumppanit ovat t\u00e4n\u00e4kin vuonna Puolustusvoimat, Panssarimuseo, Maanpuolustuskoulutusyh\u00addistyksen H\u00e4meen piirin Lahden koulu\u00adtuspaikka ja sijaintikohde Ravintola P\u00e4\u00e4maja. Lis\u00e4ksi useat P\u00e4ij\u00e4t-H\u00e4meen maanpuolustusj\u00e4rjest\u00f6t ovat t\u00e4\u00adn\u00e4kin vuonna eri rooleissa mukana j\u00e4rjestelyiss\u00e4- ja tapahtumassa. Juhlavuoden kunniaksi jo toivottunakin aiheena on sek\u00e4 uutena, ett\u00e4 edellisvuoden suositun osa-alueen pohjalta mm. kaluston\u00e4yttely ja pienimuo\u00adtoinen sotilas\u00adajoneuvoesittely.<\/p>\n\n\n\n<p>Vuoden 2017 n\u00e4yttelyn p\u00e4\u00e4j\u00e4rjest\u00e4j\u00e4 ja vahvasti muutoinkin toimintaa edesauttanut Iitin asehistoriallinen yhdistys on 27 vuotta sitten perustettu yhdistys, joka on j\u00e4rjest\u00e4nyt ole\u00admassa olonsa aikana runsaasti erilai\u00adsia myyntitapahtumia, n\u00e4yttely ja mm. tutustumisretki\u00e4 vanhoille taistelupaikoille It\u00e4\u00e4n. Lis\u00e4ksi yhdistyk\u00adsell\u00e4 on my\u00f6s esim. perinneaseammuntaa muutaman kerran vuodessa. Tarjolla on monen muotoista toimintaa kaikille asehistoriasta ja historiasta ylip\u00e4\u00e4t\u00e4\u00e4nkin kiinnostuneille ja yhdistys pyrkii olemaankin yksi Suomen t\u00e4\u00adm\u00e4n aiheen historian vaalijoista ja tiedon yll\u00e4pit\u00e4jist\u00e4. Internet-sivut l\u00f6ytyv\u00e4t osoitteesta: <a href=\"http:\/\/www.IAHY.fi\">www.iahy<\/a><\/p>\n\n\n\n<figure class=\"wp-block-image size-large\"><img loading=\"lazy\" decoding=\"async\" width=\"1577\" height=\"2232\" src=\"https:\/\/hennalaheraa.fi\/wp-content\/uploads\/2020\/05\/hennala-her\u00e4\u00e4-mainos-2.jpg\" alt=\"\" class=\"wp-image-51\"\/><\/figure>\n\n\n\n<!--nextpage-->\n\n\n\n<p><strong>PUOLUSTUSMINISTERI JUSSI NIINIST\u00d6<\/strong><\/p>\n\n\n\n<p>Hennala her\u00e4\u00e4<\/p>\n\n\n\n<p>maanpuolustustapahtuma. Tervehdys.<\/p>\n\n\n\n<p>26.8.2018, Lahti<\/p>\n\n\n\n<p><strong>P\u00e4ij\u00e4t-h\u00e4m\u00e4l\u00e4iset maanpuolustajat, huomio!<\/strong><\/p>\n\n\n\n<p>Meill\u00e4 Suomessa maanpuolustukseen on suhtauduttu<\/p>\n\n\n\n<p>aina vakavasti. Maanpuolustus on osa suomalaisuutta ja kivikkoista historiaamme. Olemme p\u00e4\u00e4tt\u00e4v\u00e4isesti pit\u00e4neet kiinni puolustuksemme<\/p>\n\n\n\n<p>perusperiaatteista: yleisest\u00e4 asevelvollisuudesta ja koko maan kattavasta aluepuolustuksesta.<\/p>\n\n\n\n<p>Is\u00e4nmaamme puolustaminen on kaiken aikaa s\u00e4ilynyt puolustusvoimien t\u00e4rkeimp\u00e4n\u00e4 teht\u00e4v\u00e4n\u00e4.<\/p>\n\n\n\n<p>Ja sen pit\u00e4\u00e4 jatkossakin olla selke\u00e4 ykk\u00f6nen. Suomen jo vanhentuneiksi v\u00e4itetyt puolustuksen kivijalat ovat nousseet viimeisten kolmen vuoden aikana kovaan huutoon my\u00f6s maailmalla \u2013 puolustusratkaisumme kiinnostaa.<\/p>\n\n\n\n<p>Koulutettuun, osaavaan reserviin perustuva j\u00e4rjestelm\u00e4 on hyv\u00e4ksi havaittu. Se on kustannustehokas sek\u00e4 reservil\u00e4istemme taitoa ja tahtoa tukeva ratkaisu. Yleinen asevelvollisuus tuottaa eurooppalaisittainkin vahvat sodan ajan joukot.<\/p>\n\n\n\n<p>Puolustusratkaisumme mahdollistaa meille varteenotettavan kyvyn vastata sotilaallisiin uhkiin. T\u00e4nne ei ole hyv\u00e4 kenenk\u00e4\u00e4n v\u00e4kisin tulla.<\/p>\n\n\n\n<p>Asevelvollisuudella on kiinte\u00e4 liittym\u00e4pinta kansalaisten tahtoon puolustaa maataan.<\/p>\n\n\n\n<p>Se onkin huippuluokkaa. Maanpuolustustiedotuksen suunnittelukunnan tutkimuksen mukaan 72% suomalaisista totesi, ett\u00e4 jos Suomeen hy\u00f6k\u00e4t\u00e4\u00e4n, suomalaisten on puolustauduttava aseellisesti kaikissa tilanteissa, vaikka lopputulos n\u00e4ytt\u00e4isi ep\u00e4varmalta.<\/p>\n\n\n\n<p>Vapaaehtoinen maanpuolustusty\u00f6, jota t\u00e4\u00e4ll\u00e4 P\u00e4ij\u00e4t-H\u00e4meess\u00e4 hienolla tavalla vaalitaan, on asevelvollisuusj\u00e4rjestelm\u00e4\u00e4mme kannatteleva voima.<\/p>\n\n\n\n<p>Monimuotoinen reservil\u00e4is-ja vapaaehtoistoiminta kehitt\u00e4v\u00e4t<\/p>\n\n\n\n<p>maanpuolustuksessa tarvittavia taitoja.<\/p>\n\n\n\n<p>Maanpuolustuskoulutusyhdistyksen toiminnan uudistaminen ja nivominen entist\u00e4 kiinte\u00e4mmin sotilaalliseen maanpuolustukseen<\/p>\n\n\n\n<p>on t\u00e4ll\u00e4 hetkell\u00e4 vapaaehtoisen maanpuolustuksen kehitt\u00e4misen keski\u00f6ss\u00e4. Puolustusministeri\u00f6 on kev\u00e4\u00e4n aikana laatinut hallituksen esityksen vapaaehtoista maanpuolustuskoulusta koskevan<\/p>\n\n\n\n<p>lains\u00e4\u00e4d\u00e4nn\u00f6n kehitt\u00e4miseksi. Esitys on lausunnolla ja saanut ensivaiheessa positiivisen vastaanoton. &nbsp;Samanaikaisesti puolustusvoimat ja MPK ovat laatineet omia suunnitelmiaan<\/p>\n\n\n\n<p>toiminnan k\u00e4yt\u00e4nn\u00f6n j\u00e4rjestelemiseksi.<\/p>\n\n\n\n<p>MPK:n valmius-ja turvallisuusp\u00e4\u00e4llikk\u00f6jen pilotointi k\u00e4ynnistyi 1.5.2018 Etel\u00e4-Suomen maanpuolustuspiiriss\u00e4 ja t\u00e4\u00e4ll\u00e4 H\u00e4meen maapuolustuspiiriss\u00e4. Kokeilulla varmistetaan valmiusp\u00e4\u00e4llikk\u00f6j\u00e4rjestelm\u00e4n toimivuus sek\u00e4 luodaan edellytykset valtakunnalliselle k\u00e4ytt\u00f6\u00f6notolle.<\/p>\n\n\n\n<p>Vapaaehtoisen maanpuolustuskoulutuksen uudelleenj\u00e4rjestelyn valmistelu etenee kokonaisuudessaan suunnitelman mukaisesti.<\/p>\n\n\n\n<p>Tavoite on k\u00e4ynnist\u00e4\u00e4 uusimuotoinen toiminta vuoden 2020 alusta.<\/p>\n\n\n\n<p>Toivotan kaikille antoisaa maanpuolustusp\u00e4iv\u00e4\u00e4 Lahdessa.<\/p>\n\n\n\n<p><\/p>\n\n\n\n<p><\/p>\n\n\n\n<p><strong>HENNALA HER\u00c4\u00c4 !<\/strong><\/p>\n\n\n\n<p><strong>26.8 KLO 10 \u2013 16<\/strong><\/p>\n\n\n\n<p><strong>OHJELMA :<\/strong><\/p>\n\n\n\n<p>10.00 Tilaisuuden avaus (P\u00e4\u00e4majan edusta)<\/p>\n\n\n\n<p>10.15 Sotilastarvikemyynti ja n\u00e4yttely aukeavat<\/p>\n\n\n\n<p>10.15 Rompetori aukeaa.<\/p>\n\n\n\n<p>10.15 Poniratsastusta lapsille 10-13.<\/p>\n\n\n\n<p>10.30 Hennalan kasarmialueen kierrokset.<\/p>\n\n\n\n<p>10.30 Kentt\u00e4keitti\u00f6 aukeaa.<\/p>\n\n\n\n<p>11.15 Perinneratsatusn\u00e4yt\u00f6s lippukentt\u00e4.<\/p>\n\n\n\n<p>12.00 Puolustusministeri Jussi Niinist\u00f6 saapuu.<\/p>\n\n\n\n<p>12.45 Perinneratsatusn\u00e4yt\u00f6s lippukentt\u00e4.<\/p>\n\n\n\n<p>14.00 Hennalan kasarmialueen kierrokset. 16.00 Tapahtuma p\u00e4\u00e4ttyy<\/p>\n\n\n\n<figure class=\"wp-block-image size-large\"><img loading=\"lazy\" decoding=\"async\" width=\"1191\" height=\"1600\" src=\"https:\/\/hennalaheraa.fi\/wp-content\/uploads\/2020\/05\/3Hennala-hera\u0308a\u0308-50x70cm.jpg\" alt=\"\" class=\"wp-image-69\"\/><\/figure>\n\n\n\n<p><\/p>\n\n\n\n<p><\/p>\n\n\n\n<!--nextpage-->\n\n\n\n<p><strong>Hennala her\u00e4\u00e4 2020 on peruttu koronan vuoksi. Pahoittelemme.<\/strong><\/p>\n\n\n\n<figure class=\"wp-block-image size-large\"><img loading=\"lazy\" decoding=\"async\" width=\"576\" height=\"583\" src=\"https:\/\/hennalaheraa.fi\/wp-content\/uploads\/2020\/05\/Koko-n\u00e4yt\u00f6n-kaappaus-7.8.2018-120732-001.jpg\" alt=\"\" class=\"wp-image-71\"\/><\/figure>\n","protected":false},"excerpt":{"rendered":"<p>Ven\u00e4l\u00e4inen varuskunta Hennalan kasarmialue sijaitsee noin kaksi kilometri\u00e4 lahden keskustasta etel\u00e4\u00e4n. Se perustettiin Pietarin sotilaspiirin toimesta vuonna 1911 Jylisev\u00e4n Mets\u00e4-Hennalan tiluksille. Kasarmialueen rakennukset edustavat tyypillist\u00e4 ven\u00e4l\u00e4ist\u00e4 punatiilist\u00e4 sotilasarkkitehtuuria. Alkuper\u00e4iseen rakennussuunnitelmaan kuuluivat kolme kasarmirakennusta, kymmenen henkil\u00f6kunnan asuinrakennusta, esikunta- ja huoltorakennuksia, kirkko, kappeli ja hautausmaa. Varuskuntatoiminnan lakkaaminen Hennalassa Hennalan satavuotinen historia sotilask\u00e4yt\u00f6ss\u00e4 p\u00e4\u00e4ttyi vuoden 2014, jolloin Hennalan &hellip; <\/p>\n<p><a class=\"more-link btn\" href=\"https:\/\/hennalaheraa.fi\/?page_id=2\">Jatka lukemista<\/a><\/p>\n","protected":false},"author":1,"featured_media":0,"parent":0,"menu_order":0,"comment_status":"closed","ping_status":"open","template":"","meta":{"footnotes":""},"class_list":["post-2","page","type-page","status-publish","hentry","nodate","item-wrap"],"_links":{"self":[{"href":"https:\/\/hennalaheraa.fi\/index.php?rest_route=\/wp\/v2\/pages\/2","targetHints":{"allow":["GET"]}}],"collection":[{"href":"https:\/\/hennalaheraa.fi\/index.php?rest_route=\/wp\/v2\/pages"}],"about":[{"href":"https:\/\/hennalaheraa.fi\/index.php?rest_route=\/wp\/v2\/types\/page"}],"author":[{"embeddable":true,"href":"https:\/\/hennalaheraa.fi\/index.php?rest_route=\/wp\/v2\/users\/1"}],"replies":[{"embeddable":true,"href":"https:\/\/hennalaheraa.fi\/index.php?rest_route=%2Fwp%2Fv2%2Fcomments&post=2"}],"version-history":[{"count":9,"href":"https:\/\/hennalaheraa.fi\/index.php?rest_route=\/wp\/v2\/pages\/2\/revisions"}],"predecessor-version":[{"id":74,"href":"https:\/\/hennalaheraa.fi\/index.php?rest_route=\/wp\/v2\/pages\/2\/revisions\/74"}],"wp:attachment":[{"href":"https:\/\/hennalaheraa.fi\/index.php?rest_route=%2Fwp%2Fv2%2Fmedia&parent=2"}],"curies":[{"name":"wp","href":"https:\/\/api.w.org\/{rel}","templated":true}]}}